 d(-7).
-31
Let n(z) = 2*z**2 + 60*z + 354. Give n(-21).
-24
Let t(j) = j**3 + 102*j**2 + 487*j + 28. Calculate t(-5).
18
Let v(a) = -1842*a + 9128. Calculate v(5).
-82
Let y(w) = -4*w**2 + 4*w + 9. Calculate y(-2).
-15
Let x(n) = -n**3 + 141*n**2 - 144*n + 555. Calculate x(140).
-5
Let q(u) = -u**3 - 10*u**2 - 29*u + 7. What is q(-5)?
27
Let r(b) = b**3 + 3*b**2 - 6*b + 21. What is r(-4)?
29
Let r(f) = -18406*f + 92025. Calculate r(5).
-5
Let i(w) = 932*w - 63393. Calculate i(68).
-17
Let y(b) = b**2 + 25*b + 128. Give y(-6).
14
Let y(x) = -16*x**2 + 30*x + 97. Calculate y(4).
-39
Let a(q) = 82*q + 142. What is a(-2)?
-22
Let u(c) = -3*c**3 + 82*c**2 + 50*c + 145. Calculate u(28).
-23
Let j(h) = h**3 - 4*h**2 + 78*h - 312. What is j(4)?
0
Let a(i) = -20*i + 138. Give a(-13).
398
Let y(u) = u**2 - 10*u - 31. Calculate y(11).
-20
Let o(k) = -k**3 + 2*k**2 + 2022*k - 6055. What is o(3)?
2
Let j(u) = u**3 + 17*u**2 + 72*u - 16. Give j(-10).
-36
Let u(o) = -99*o + 109. Determine u(2).
-89
Let v(q) = 151*q**2 - 2108*q - 98. Give v(14).
-14
Let c(y) = -56*y - 1348. Calculate c(-24).
-4
Let a(k) = -35*k - 643. What is a(-3)?
-538
Let o(b) = b**3 - 10*b**2 - 514*b + 6176. Determine o(13).
1
Let b(c) = -1665*c - 161. Give b(0).
-161
Let o(h) = -313*h - 2187. Calculate o(-7).
4
Let x(i) = 295*i + 1517. What is x(-5)?
42
Let s(v) = 39*v - 2212. Calculate s(58).
50
Let k(v) = v**3 - 2*v**2 - 42*v - 83. What is k(-4)?
-11
Let w(h) = h**3 + 183*h**2 - 1321*h + 1705. Calculate w(-190).
-5
Let o(a) = a**3 + 38*a**2 + 84*a + 428. Determine o(-36).
-4
Let c(m) = 200*m**3 - 5*m**2 + 6*m - 3. Determine c(1).
198
Let d(j) = -j**3 + 14*j**2 - 31*j - 48. Determine d(11).
-26
Let l(r) = r**3 - 42*r**2 + 189*r + 120. Give l(37).
268
Let p(d) = -12*d + 172. What is p(14)?
4
Let v(p) = -7*p + 113. Give v(9).
50
Let r(q) = -5*q**2 + 73*q + 618. Determine r(-6).
0
Let o(a) = -105*a - 11754. Calculate o(-112).
6
Let s(j) = -127*j**2 + 105*j + 106. Calculate s(-1).
-126
Let m(t) = -t**2 + 7*t + 8. Calculate m(13).
-70
Let i(b) = 2*b**3 + 53*b**2 + 7*b + 4406. Calculate i(-29).
-2
Let q(t) = -13*t**2 - 73*t + 116. Calculate q(-7).
-10
Let r(p) = p**3 + 14*p**2 + 21*p + 504. What is r(-15)?
-36
Let i(w) = 8*w**3 - 78*w**2 - 37*w + 177. What is i(10)?
7
Let i(b) = 367*b - 2590. What is i(7)?
-21
Let u(p) = -43*p - 482. Give u(-13).
77
Let b(c) = -2449*c + 12245. Give b(5).
0
Let d(y) = y**3 - 43*y**2 - 14*y - 1505. Determine d(44).
-185
Let v(n) = 42*n - 1627. Determine v(40).
53
Let k(c) = -10*c**3 - 60*c**2 - 2*c - 16. Determine k(-6).
-4
Let s(i) = 167*i + 990. Determine s(-7).
-179
Let j(o) = -o**3 - 17*o**2 + 1149*o + 17683. What is j(-15)?
-2
Let m(t) = -t**3 - 37*t**2 - 105*t + 30. Determine m(-34).
132
Let t(n) = -14*n**3 + n**2 - 2*n - 14. What is t(-2)?
106
Let p(v) = -v**2 + 7986*v - 1. Give p(0).
-1
Let y(g) = -351*g**2 - 705*g - 7. What is y(-2)?
-1
Let k(b) = -4*b**3 + 33*b**2 + 45*b - 162. What is k(9)?
0
Let u(r) = -r**3 + 6*r**2 + 182*r - 1334. Give u(8).
-6
Let f(r) = 13*r + 1. Determine f(4).
53
Let u(w) = -3*w**2 - 71*w - 46. What is u(-23)?
0
Let t(a) = 2*a + 5. Calculate t(9).
23
Let i(c) = -14*c**3 - 739*c**2 + 141*c - 959. What is i(-53)?
-5
Let w(q) = -q**2 + 425*q + 7058. Determine w(-16).
2
Let n(f) = -f**3 - 7*f**2 - 63*f - 213. Give n(-4).
-9
Let c(r) = -51*r + 8. Calculate c(3).
-145
Let n(g) = -g**3 + 11*g**2 + 17*g - 58. What is n(12)?
2
Let v(s) = -20*s**2 - 164*s + 21. Determine v(-8).
53
Let k(b) = 793*b + 779. Determine k(-1).
-14
Let x(d) = 15*d + 77. What is x(-5)?
2
Let a(c) = c**2 - 24*c + 13. Give a(25).
38
Let l(r) = 2*r**2 - 30*r - 418. Determine l(24).
14
Let w(k) = -108*k + 13. Give w(2).
-203
Let f(h) = -80*h - 490. Calculate f(-6).
-10
Let n(q) = q**3 - 29*q**2 + 24*q + 9. Calculate n(28).
-103
Let r(a) = -a**2 + 53*a + 1962. Determine r(78).
12
Let j(b) = b**3 - 8*b**2 + 32*b - 93. What is j(5)?
-8
Let y(q) = -q**2 + 84*q - 1747. Determine y(42).
17
Let d(l) = 54*l**2 + 705*l - 77. Calculate d(-13).
-116
Let n(x) = x**2 + 65*x + 39. Determine n(-64).
-25
Let s(n) = 44*n + 93. Give s(-5).
-127
Let a(w) = -26*w - 89. Determine a(-3).
-11
Let n(q) = -12*q**2 + 360*q - 358. What is n(29)?
-10
Let w(f) = f**3 - 59*f**2 + 57*f + 51. What is w(58)?
-7
Let b(g) = -23*g**2 + 133*g - 9. Give b(6).
-39
Let y(m) = m**3 - 60*m**2 - 219*m + 1881. Determine y(63).
-9
Let a(l) = 13*l**3 - 1197*l**2 + 86*l + 550. Calculate a(92).
-2
Let i(z) = -13*z + 846. Give i(67).
-25
Let y(z) = -1691*z - 38896. Determine y(-23).
-3
Let x(h) = 263*h + 2369. Give x(-9).
2
Let a(i) = -i**3 - 27*i**2 - 86*i + 27. Determine a(-23).
-111
Let w(x) = x**2 - 7*x - 26. What is w(9)?
-8
Let u(w) = 2*w**2 - 98*w + 15. What is u(50)?
115
Let x(a) = a**2 - 355*a + 31496. Calculate x(176).
-8
Let y(s) = s**2 + 9*s - 225. Give y(10).
-35
Let x(y) = y**3 - 17*y**2 - 3*y + 332. Determine x(16).
28
Let h(c) = c**3 + 71*c**2 + 17. Give h(-71).
17
Let t(r) = -r**3 - 14*r**2 - 11*r - 8. Give t(-8).
-304
Let b(k) = -2*k**2 + 24*k - 16. What is b(9)?
38
Let a(y) = -y**3 + y**2 + 16*y + 21. Calculate a(-5).
91
Let q(r) = -145*r + 2754. Determine q(19).
-1
Let f(n) = -n**3 + 5*n**2 + 25*n - 70. What is f(6)?
44
Let r(n) = 12571*n - 62842. What is r(5)?
13
Let o(v) = -14*v + 723. Determine o(11).
569
Let q(j) = -142*j + 856. What is q(6)?
4
Let l(g) = 195*g - 7215. Calculate l(37).
0
Let c(p) = -2*p**3 - 21*p**2 + 664*p + 7187. Calculate c(-11).
4
Let h(x) = x**3 - 19*x**2 + 48*x + 22. Calculate h(16).
22
Let f(b) = -32*b - 60. Give f(-2).
4
Let b(k) = 902*k - 56. Give b(0).
-56
Let g(c) = 24*c**3 - 196*c**2 + 35*c + 14. What is g(8)?
38
Let s(o) = 2*o**3 + 23*o**2 + 90*o + 12. Determine s(-7).
-177
Let a(q) = -9*q**2 - 17*q - 51. What is a(-5)?
-191
Let t(x) = -x**3 - 3*x**2 + 12*x + 10. Give t(-3).
-26
Let m(d) = -d**2 - 213*d + 1771. Calculate m(8).
3
Let m(p) = -53*p + 224. Determine m(2).
118
Let c(q) = -11*q**2 + 19*q + 16. Determine c(3).
-26
Let v(s) = -4*s**3 + 311*s**2 + 635*s + 9. What is v(-2)?
15
Let c(t) = t**3 - 3*t**2 - 24*t - 9. Give c(6).
-45
Let b(h) = -110*h + 10420. Determine b(95).
-30
Let y(t) = 2*t**3 - 47*t**2 + 57*t + 204. Calculate y(22).
6
Let t(u) = -2*u**3 + 49*u**2 - 44*u + 475. Determine t(24).
-5
Let l(p) = 6*p**2 + 28*p - 7. Determine l(-5).
3
Let i(u) = -3*u + 377. Give i(-38).
491
Let x(g) = g**3 - 4*g**2 - 60*g - 60. Determine x(-6).
-60
Let l(g) = 22*g**2 - g + 41. Calculate l(6).
827
Let s(v) = 2*v - 150. Determine s(91).
32
Let y(d) = 237*d - 1850. Determine y(8).
46
Let h(l) = 206*l**2 - 226*l - 1. What is h(1)?
-21
Let f(j) = j**2 + 91*j - 720. Determine f(7).
-34
Let j(m) = -121*m + 834. Calculate j(7).
-13
Let b(a) = 46*a**2 + 117*a - 761. What is b(3)?
4
Let s(u) = u**3 + 15*u**2 - 40*u + 55. Give s(-18).
-197
Let n(a) = a**2 - 56*a - 518. Determine n(-8).
-6
Let a(j) = 12*j + 496. Determine a(-8).
400
Let v(y) = 46*y**2 + 69*y + 217. Determine v(-3).
424
Let z(o) = 97*o + 3201. Give z(-33).
0
Let n(y) = 318*y + 1610. What is n(-5)?
20
Let j(d) = 4*d + 43. Calculate j(-19).
-33
Let l(i) = -i**3 - 30*i**2 - 38*i - 263. Determine l(-29).
-2
Let r(z) = z**3 - 14*z**2 + 34*z + 122. Determine r(7).
17
Let u(i) = 2*i**2 - 800*i - 6530. What is u(-8)?
-2
Let h(r) = -4*r**2 - 82*r + 19. What is h(-22)?
-113
Let l(g) = -2209*g + 2207. Determine l(1).
-2
Let w(a) = 76*a**2 + 10*a - 15. What is w(1)?
71
Let s(l) = l**2 - 1426*l - 27460. Calculate s(-19).
-5
Let c(w) = w**2 - 40*w - 1228. Give c(65).
397
Let v(j) = 101*j - 2499. Calculate v(25).
26
Let x(j) = j**2 + 71*j + 268. Calculate x(-68).
64
Let w(s) = -s**3 - 3*s**2 + 14*s + 13. Calculate w(-5).
-7
Let c(i) = -14*i + 260. Give c(17).
22
Let c(b) = 85*b**2 - 2046*b + 135. What is c(24)?
-9
Let t(k) = k**2 + 136*k - 11247. Calculate t(58).
5
Let x(y) = -3*y**2 - 21*y - 37. Calculate x(-2).
-7
Let n(z) = 2*z**2 - 129*z + 502. What is n(4)?
18
Let v(c) = 61*c + 1179. Determine v(-20).
-41
Let w(t) = 25*t**2 + 169*t - 35. Calculate w(-7).
7
Let t(g) = -g**3 - 11*g**2 - 40*g - 196. Determine t(-9).
2
Let n(x) = -14*x + 61. What is n(4)?
5
Let g(b) = -b**3 - 46*b**2 - 414*b + 193. Determine g(-13).
-2
Let v(z) = 73*z + 1958. What is v(-27)?
-13
Let q(y) = 2*y**3 + 31*y**2 - 36*y + 62. Give q(-16)